a**2 - 1. Let m be (3 - 10) + (-3)/(-1). Let v(j) = m*w(j) + 3*r(j). List the prime factors of v(-2).
3
Suppose 3*o + 10 = 2*c, 4*c - 2*c + 3*o = -2. What are the prime factors of (-2)/(((-5)/(-15))/(c/(-6)))?
2
Suppose -8393 = -f - 10*f. List the prime factors of f.
7, 109
Let q = 8 + -9. List the prime factors of 189/3 - (2 + q).
2, 31
Let o(w) = -3*w + 20. Let q be o(7). Let n be -30 + (5 - (0 - q)). Let d = n + 89. What are the prime factors of d?
3, 7
Let t be ((-3)/2)/(6/(-816)). Suppose -t = -4*l - 4. What are the prime factors of l?
2, 5
Let z = 5 + 8. Suppose 5*y + b - 234 + z = 0, 0 = y + 3*b - 33. List the prime factors of y.
3, 5
Suppose -13*f = -1204 + 411. What are the prime factors of f?
61
Let h(a) = -a**2 + 5*a + 4. Let l be h(3). List the prime factors of ((-14)/10)/((-2)/l).
7
Let u = 10 + -5. Suppose 0 = u*p + 3*v - 525, -4*v = -p - v + 87. List the prime factors of p.
2, 3, 17
Let o = -319 + 613. What are the prime factors of o?
2, 3, 7
Let r(i) = 7*i**2 + 22*i + 40. What are the prime factors of r(-2)?
2, 3
Let c = 17 - 9. Suppose 3*t = -3*n - 9, -2*n + n - 2*t = c. Suppose -n*z + 88 = -12. What are the prime factors of z?
2, 5
Let k(v) = v**2 - 6*v - 5. Let a(l) = l + 12. Let r be a(-6). Let n be k(r). Let w = 11 - n. List the prime factors of w.
2
Suppose f + 13 = n, -4*n - 7*f + 28 = -3*f. Suppose -17*c = -12*c - 175. Let u = c - n. What are the prime factors of u?
5
Suppose 0 = s + 2*p - 38, -5*s + 234 = 4*p + 44. Let j = s + -7. Suppose c + 4*d = 2 + j, 33 = c + 3*d. What are the prime factors of c?
3, 11
Suppose -3*d - u = -6*u - 11, -u - 3 = -d. Suppose -72 = -d*x + 40. Let z = x - 35. List the prime factors of z.
3, 7
Suppose 3*s = -28 + 10. Let m = s - -13. Suppose 73 + m = 2*b. What are the prime factors of b?
2, 5
Suppose 0*r + 27 = -3*r. Let n = -5 - r. Suppose 84 = n*z - 0*z. List the prime factors of z.
3, 7
Let k(y) = 45*y + 36. What are the prime factors of k(11)?
3, 59
List the prime factors of (4144 - 1)*20/60.
1381
Let i(t) = 2*t + 14. Let j be i(8). Let a = j - -15. What are the prime factors of a?
3, 5
Suppose 1380 = 5*t + n, -194 = -t - 4*n + 63. List the prime factors of t.
277
Let j(f) = 14*f**2 - 7*f + 6. List the prime factors of j(1).
13
Let n = 5 - 3. Let v = 512 - 503. List the prime factors of 144/27*v/n.
2, 3
What are the prime factors of (-1007)/19*(1 + -10)?
3, 53
Suppose -21 + 6 = 5*n, -5*n - 11 = -2*h. What are the prime factors of (-3)/(1/(h/3))?
2
Suppose -1344 = 9*y - 8301. Suppose -4*r - 3*b = -y, -5*r = 2*b - 275 - 686. What are the prime factors of r?
191
Suppose 7 - 2 = f. Suppose f*c = -0*c - 280. Let n = -26 - c. What are the prime factors of n?
2, 3, 5
Suppose -6*p + 90 = -4*p. Suppose 0 = -v - 4*z + p, -v + 2*z = -3*z - 72. List the prime factors of v.
3, 19
Let v(z) = 590*z - 449. List the prime factors of v(9).
4861
Suppose -3*h - 5*t + 28 = -0*t, 4*h = 2*t + 20. What are the prime factors of ((-2)/3)/(h/(-63))?
7
Let n be (-42)/(-4)*(-440)/(-14). Suppose 0*s = 2*s - 5*i - n, 0 = 5*s - 5*i - 855. List the prime factors of s.
5, 7
Suppose 0 = 4*v - 0*v + 16. Let m = v + 8. Suppose 4*z - 130 = 5*q, m*z = q + 73 + 49. What are the prime factors of z?
2, 3, 5
Suppose 4*r + 1514 = 3*v, 4*r = 2 + 14. List the prime factors of v.
2, 3, 5, 17
Let l = 11 - 8. Suppose -a + l*a = 28. Let g = -10 + a. List the prime factors of g.
2
What are the prime factors of (-143)/(-10)*-12*(-420)/126?
2, 11, 13
Let o(f) = f**2 + 12*f - 2. Let d(i) = 12*i - 3. Let h(r) = -5*d(r) + 4*o(r). List the prime factors of h(8).
167
Suppose 453 = -6*b + 3*b. Let z = -87 - b. Let k = z + -36. List the prime factors of k.
2, 7
Suppose 7*q = 2*q - 80. List the prime factors of 0 + 586/6 - q/(-24).
97
Let c = -355 + 1013. What are the prime factors of c?
2, 7, 47
Suppose 9*q = 4*q - 5*z + 2355, -5*z + 1886 = 4*q. List the prime factors of q.
7, 67
Suppose 4 - 19 = 3*h. What are the prime factors of (-27)/(-135) + ((-169)/h - 1)?
3, 11
Let l = -3054 - -5302. List the prime factors of l.
2, 281
Suppose 0 = -5*f - 3*h - 0*h - 4, -h = -4*f + 7. Let r(k) = 27*k**3 + k. What are the prime factors of r(f)?
2, 7
List the prime factors of 64/48*1*1938.
2, 17, 19
What are the prime factors of (-56)/(-112) + 13434/4?
3359
Suppose 433*q - 27734 = 426*q. List the prime factors of q.
2, 7, 283
Let n(x) = x**3 + x**2 + 5*x + 7. Let s be -4 - (-7 + 3) - -3. What are the prime factors of n(s)?
2, 29
Let w(j) = j**2 + 16*j + 14. Let t be w(-14). List the prime factors of t/(-49) + 54/7.
2
Let g(v) = -35*v**3 - v**2 - v + 3. Let b(u) = 104*u**3 + 3*u**2 + 2*u - 9. Let r(y) = -4*b(y) - 11*g(y). What are the prime factors of r(-1)?
2, 3, 5
Let b(w) = -w**2 - 20*w - 39. Let d be b(-11). Suppose 3*o = d + 159. What are the prime factors of o?
73
Let h = -42 - -43. Suppose -18 = -c - h. What are the prime factors of c?
17
Suppose 4*w = -2*d + 1520, -28 = d - w - 788. List the prime factors of d.
2, 5, 19
Let u be ((10/(-2))/1 + 4)*0. Let c(t) = -t + 28. What are the prime factors of c(u)?
2, 7
Suppose 4*x + 52 = 2*g, 4*g - 12 - 2 = 2*x. Let n = -2 - x. Let i(h) = h**2 - 9*h - 4. What are the prime factors of i(n)?
2, 3
Suppose -3*j - 181 + 535 = 0. Let u(v) = -8*v**2 - 4*v. Let x be u(-3). Let c = j + x. What are the prime factors of c?
2, 29
Suppose 66 + 0 = 6*l. Let t be l*(0 + 16 + 1). Suppose 0 = 4*x - 69 - t. List the prime factors of x.
2
Suppose -5*q - 3*s = 0, 2*s - 6*s = 4*q. Suppose 3*u + 3*u - 144 = q. What are the prime factors of u?
2, 3
Let c(a) = -a**2 - 12*a - 2. Let n be c(-12). Let q be n + (-2)/(6/(-33)). What are the prime factors of (-12)/q*-27 - 2?
2, 17
Let m be 3 + (0/2 - 1). Suppose -2*v + 2 + m = 4*g, -5*v = -2*g - 22. Suppose -v*b + 0 + 104 = 0. List the prime factors of b.
2, 13
Let g(p) = -2*p**3 + 83*p**2 - 81*p + 45. List the prime factors of g(40).
3, 5, 107
Let s be 68/(-24) - (-3)/(-18). Let c = s - -27. Suppose -c = -7*y + 4*y. What are the prime factors of y?
2
Let t be 1 - (-64)/(-24)*(-6)/4. Suppose -3*s - 3*z + 58 = 7, 0 = t*s + 4*z - 89. List the prime factors of s.
3, 7
Suppose 5*w - 4 = 16. Suppose -w*t = -24 + 12. Suppose 2*p = 5*f - 315, -t*p - 234 = -4*f + 25. What are the prime factors of f?
61
Let u(c) = -c**2 - 21*c - 13. Let n be u(-19). Let a(z) = z**2 - 18*z + 34. List the prime factors of a(n).
11, 19
Let l be ((-2)/5)/((-3)/30). Suppose l + 8 = 4*i. What are the prime factors of 6*(-33)/(-6) - i?
2, 3, 5
Let z(n) = n**2 - 18*n + 92. List the prime factors of z(19).
3, 37
Let c = 1782 - 616. What are the prime factors of c?
2, 11, 53
Let h(b) = -17*b - 2. Let w be h(3). Let m = w - -90. What are the prime factors of m?
37
Let u = -19 - 19. List the prime factors of 1/2 + (-2641)/u.
2, 5, 7
Let o(j) = j**2 + 2*j - 5. Let z be o(-7). List the prime factors of ((-40)/(-12))/(4/z).
5
Let s be 20*(-3)/(-6)*-2. Let w = 73 - s. What are the prime factors of w?
3, 31
Suppose -5*m + 3 = -t + 115, 3*t - 4*m = 314. Let j = 208 - t. List the prime factors of j.
2, 53
Let l(t) = -t**3 - t - 2. Let s be l(-2). Suppose s*x - 410 = 3*x. What are the prime factors of x?
2, 41
Suppose 440*c - 448*c = -20232. List the prime factors of c.
3, 281
Suppose 0 = 5*p - 5*g - 1805, 2*p - 8*g = -13*g + 715. What are the prime factors of p?
2, 3, 5
Let d be 4*2*(59 - -1)/(-5). Let k = d - -135. List the prime factors of k.
3, 13
Let b = -8 - -16. Let w(c) = c - 14. Let a be w(b). Let l = a + 16. List the prime factors of l.
2, 5
Let j(q) = -q**3 + 4*q**2 - 4*q + 18. Let k(x) = -x**3 + 3*x**2 - 3*x + 17. Let b(p) = -6*j(p) + 7*k(p). List the prime factors of b(-5).
2, 23
Let r = 8 - -94. Let a = 175 - r. What are the prime factors of a?
73
Suppose -268 = -5*n + 912. What are the prime factors of n?
2, 59
Let y(o) = o**3 - 4*o**2 - 6. Let q be y(5). Suppose 4*n - 33 = q. List the prime factors of (-4 - -3 - -1) + n.
13
Suppose 3*y - 74 = -y + 2*q, 0 = -2*y - 4*q + 22. Let o = 6 - y. What are the prime factors of (-53 + o)/(-1 - 0)?
2
Suppose -4*d + 874 = -40*r + 41*r, -r + 874 = -2*d. List the prime factors of r.
2, 19, 23
Let h be 36/24*(-11)/(99/(-30)). Let a be 0 - (2 + -1*4). List the prime factors of (-4)/h*(-175)/a.
2, 5, 7
Let f(i) = i**2 - 3*i. Let l be f(4). Let j(r) = 11*r + 2. What are the prime fac